 What is the highest common factor of 60 and a?
15
Suppose -2*p = -6, -6*i = -11*i + p + 147. Let v = 71 - 51. Let u be (7/(14/v))/1. Calculate the highest common divisor of i and u.
10
Suppose 5*t + 32 = 5*y - 3, 4*y + 4*t = -12. Calculate the greatest common divisor of 2 and y.
2
Let w(f) = 127*f**3 - f**2 + 5*f - 5. Let t be w(1). Let a = -24 - -42. What is the highest common factor of t and a?
18
Let d(o) = -5*o**3 - 5*o**2 + 2*o - 2. Let a be d(-4). What is the highest common divisor of a and 20?
10
Let r = 14 - 12. Suppose -a + 60 = 42. What is the highest common divisor of r and a?
2
Let o(y) = -4*y**2 - 150*y - 150. Let r be o(-35). Suppose 4*t - t - 4*k = 95, 30 = 2*t + 4*k. What is the greatest common factor of t and r?
25
Let j be 22 + (-5 + 2 - -1). Calculate the greatest common factor of j and 44.
4
Suppose -5*c - z = 3*z - 2644, 2*c + 3*z = 1059. Calculate the greatest common factor of c and 48.
48
Let r = 128 + -79. Calculate the highest common factor of r and 56.
7
Suppose -2*k - 2 = 0, 4*i + 122 = 4*k - 6*k. Let b(a) = a**2 - 4*a + 10. Let p be b(-8). Let t = p - i. What is the highest common factor of 17 and t?
17
Suppose 79*n = 112*n - 2310. What is the greatest common divisor of n and 385?
35
Let c = 262 - 112. What is the greatest common divisor of 60 and c?
30
Let s(c) = -c**3 + 26*c**2 - 68*c + 43. Let g be s(23). Calculate the highest common divisor of 8 and g.
2
Let j = -7 - -2. Let f be 18/j*(-40)/12. Suppose f - 6 = m. What is the highest common divisor of m and 24?
6
Let l(v) = v**2 - 2*v + 3. Let u be l(2). Let d(g) = g**3 + 7*g**2 - 13*g - 28. Let w be d(-8). What is the greatest common factor of w and u?
3
Let h be (-474)/(-14) + (-2)/(-14). Let s = 57 - h. Suppose 7 - s = -2*g. Calculate the highest common factor of 20 and g.
4
Suppose -2*l + 4*s = -144, -6*l + l = 5*s - 345. Let a = l - -216. What is the highest common divisor of 26 and a?
26
Suppose 3*c + 3 = -z - 2*z, -10 = 2*z. Suppose g - 2*g - c*v - 14 = 0, 5*g = -3*v - 2. What is the greatest common divisor of 4 and g?
2
Let w be (-1 + -1)/((-2)/56). Suppose g - 55 = -4*g + m, -5*g + 2*m = -55. Suppose -g*l - 35 = -16*l. What is the highest common factor of w and l?
7
Let i(l) = -34*l**3 - 3*l - 2. Suppose 0*b - 2*b + t - 8 = 0, -2*t = 4*b. Let m be i(b). Let a = m + -140. What is the greatest common factor of 17 and a?
17
Suppose -2*y + y = 2*r - 60, 215 = 3*y - r. What is the highest common factor of y and 14?
14
Let r(z) = 18*z**2 + 2*z - 4. Let p be r(-1). Let q(c) = -2*c - 3. Let d be q(-5). Let b = d - 3. Calculate the highest common factor of p and b.
4
Suppose 0 = -z - 8 + 11. Let l be z/(-4 - (-45)/10). Calculate the greatest common factor of 54 and l.
6
Let v(i) = 13 - i - 5*i - 2*i. Let s be v(11). Let u be (-6)/(-9) + s/(-9). Calculate the greatest common factor of 9 and u.
9
Let a = -94 - -106. Suppose q - 28 = 5*l, 0*q - q - 4 = 3*l. Calculate the greatest common divisor of a and q.
4
Let p = 26 + -28. Let k be (-39)/(-3) - p/(-2). Let z(x) = 20*x - 8. Let g be z(7). Calculate the highest common factor of g and k.
12
Suppose -5*c + 0*i = i - 50, 80 = 5*c - 5*i. Let t(y) = 640*y - 1269. Let q be t(2). What is the highest common factor of c and q?
11
Suppose -13 = -d + 2*d. Let o = 22 + d. Let q be o - 3 - 1 - 2. Calculate the highest common divisor of 27 and q.
3
Suppose 2*g = 4*m + 28, -5*m - 5 - 21 = -g. Calculate the greatest common factor of g and 96.
6
Let c = 2281 + -2251. What is the greatest common divisor of c and 810?
30
Let h be ((-6)/4)/((-16)/96). Calculate the greatest common divisor of 981 and h.
9
Suppose 4*k + 3*t - 51 = 0, 3*k = -k - 4*t + 56. What is the highest common divisor of 639 and k?
9
Let x = 94 - -456. Suppose -2*c + 7*c = x. Calculate the greatest common divisor of 10 and c.
10
Let l(q) = -q**3 - 14*q**2 + 14*q - 12. Let n be l(-15). Suppose 330 + 495 = n*k. What is the highest common divisor of k and 25?
25
Let p = -1770 - -2355. Calculate the highest common factor of 180 and p.
45
Let v = -118 - -121. Let t(w) = -7*w - 2. Let p be t(-2). What is the highest common factor of v and p?
3
Suppose 0 = 23*f - 6*f - 3332. What is the highest common factor of 7 and f?
7
Suppose 0 = -4*i - 16, -c - 2*i + 4*i = 249. Let a = 378 + c. Let t(h) = h**3 - 5*h**2 - 5*h + 5. Let f be t(6). What is the greatest common factor of f and a?
11
Let o be -3*(-4 + 35/15). Suppose -38 = -2*m - o*w, -3*w + 61 - 22 = 3*m. Calculate the highest common factor of m and 9.
9
Let z be -6*(-14)/(-4)*-7. Let s = 11 - -3. Let b be (-6)/(-4)*(0 + s). What is the highest common factor of b and z?
21
Let p(a) = -2731*a + 2. Let l be p(-2). Let z be l/26 + (-4)/26. Suppose 6*d = d + z. What is the highest common factor of 28 and d?
14
Let w = -57 - -36. Let b = 66 + w. Calculate the highest common factor of 36 and b.
9
Let j(q) = 44*q + 4. Let h be j(1). What is the greatest common factor of h and 456?
24
Let y be (-22)/99 + 83/9. Suppose 0 = 17*n - 22*n - 4*u + 515, -277 = -3*n + 4*u. Calculate the greatest common factor of y and n.
9
Let k(n) = 7*n**2 - 3*n + 46. Let q be k(0). Calculate the highest common divisor of 2 and q.
2
Suppose -4*s + 16 = -5*n, 0 = -s + 3*n - 2*n + 3. Let z be 2/((s - 1)/48). Let t be (z/10)/((-6)/40). What is the highest common divisor of t and 48?
16
Let t be 25*1*8/20. Let v be (-1)/(-3 + t/4). Suppose -f = -v*f + 36. What is the greatest common divisor of 24 and f?
12
Let q be (2080/(-280))/((-2)/7). What is the greatest common divisor of q and 299?
13
Let o be 2419/41 + 7 + 0. Calculate the highest common divisor of 12 and o.
6
Let w(r) = r**3 - 10*r**2 + 5*r. Let a be w(10). Let l be 1/((-1)/3) - (-62 - -34). Calculate the highest common divisor of l and a.
25
Let c = 98 + -266. Let o = 12 - c. Calculate the greatest common factor of o and 18.
18
Suppose -5*l + 23 = -2. Suppose 6*u = -l*u + 66. Calculate the highest common factor of 42 and u.
6
Let v be ((-26)/6)/((-11)/33). Suppose 9*x - v*x + 204 = 0. Calculate the highest common factor of 17 and x.
17
Suppose q - 87 = -3*g, 2*g - 3*q = 7*g - 141. Calculate the highest common divisor of g and 310.
10
Suppose 2 = -5*d + 7, -5*t + 5*d = -1040. What is the highest common divisor of t and 11?
11
Let d(x) = x**2 + 2*x - 5. Let u be d(-4). Suppose -u*y - 40 = -y. Let j be (-715)/y - (-3)/(-4). What is the highest common factor of j and 14?
7
Let g = -41 - -75. Suppose 8*t = 14*t + 66. Let f = g - t. What is the highest common factor of f and 9?
9
Suppose -k + 4 = 4*x - 14, 8 = x + 2*k. Suppose -x*r = -u + 10 + 32, -168 = -4*u - 5*r. Suppose -d - d = -u. What is the highest common divisor of 21 and d?
21
Let b(p) = -p**2 - 4*p - 4. Let g be b(-2). Suppose g = -11*i + 8*i + 270. What is the highest common divisor of i and 18?
18
Suppose 15 = 4*t + 43. Let b = -7 - t. Let x be 116/2 - (b - -3). Calculate the greatest common divisor of x and 5.
5
Let u(o) = o**3 - 12*o**2 - 5*o - 5. Let h(r) = -r**2. Let b(n) = h(n) - u(n). Let f be b(11). Calculate the highest common divisor of f and 20.
20
Let t(a) = -a**3 + 7*a**2 - 7*a + 10. Let i be t(6). What is the highest common divisor of i and 8?
4
Let z be (5 - 57/9)*3/(-2). Suppose -2*q + 6*q - 82 = -z*i, 0 = 5*q - 2*i - 80. What is the greatest common factor of q and 18?
18
Suppose 567 = 5*p - 4*f, -4*p + f = -5*p + 117. Calculate the greatest common factor of p and 529.
23
Suppose -3*p - 30 = -12. Let g be 2 + 2/(-4)*p. Suppose -g*w + 0*w = -60. What is the highest common divisor of w and 8?
4
Let w(q) = -q**2 - 37*q - 6. Let p be w(-34). Calculate the greatest common divisor of p and 336.
48
Suppose -40*o + 716 + 124 = 0. Calculate the greatest common divisor of 525 and o.
21
Let u(a) = -14*a**2 + 2*a - 1. Let c(p) = -29*p**2 + 3*p - 1. Let w(n) = 2*c(n) - 5*u(n). Let i be w(3). What is the highest common divisor of i and 11?
11
Suppose 4*x - 5*x + 262 = -3*t, -20 = 4*t. Suppose 0 = -5*r - 2*r + 133. Calculate the highest common factor of x and r.
19
Let s = -9 + 15. Let p(t) = 3*t**3 - 12*t**2 - 13*t - 6. Let b be p(s). Calculate the highest common divisor of 12 and b.
12
Let r(t) = t**2 + 12*t - 42. Let q be r(3). What is the greatest common factor of q and 24?
3
Suppose 144 = -46*i + 48*i. Suppose -i = -8*j + 5*j. Calcu